3 - 116159 = 0. What is the tens digit of v?
4
Let u be 45 - 5/(-2)*8/10. Let n = u + -24. What is the units digit of n?
3
Suppose -4*c = -55 - 93. Let w(j) = j**2 - 9 - 36*j**3 + c*j**3 + 14*j - 9*j**2 - 5*j**2. What is the units digit of w(12)?
5
Let o = 112662 - 79157. What is the hundreds digit of o?
5
Let x = -29991 + 81713. What is the hundreds digit of x?
7
Let j = 47 - 45. Suppose 4*v - r = -0 + j, 5*v - r - 2 = 0. Suppose v = q - 3*b - 57, -138 = -3*q + b - 3*b. What is the tens digit of q?
4
What is the ten thousands digit of (-2)/(-1) - 35/(-7)*200676/70?
1
Suppose -5*x - 876 = 184. Let s = -96 - x. Let q = s + -44. What is the units digit of q?
2
Suppose 4*q = -306 - 750. What is the tens digit of -417*392/q + 2/(-11)?
1
Suppose 0 = 2*t + 3*s - 21, -15 = -3*s. Suppose -t*w - 406 = -2*x - 0*w, 830 = 4*x + 3*w. What is the units digit of x?
6
Suppose 4*s - 3*c + 60561 = 0, 3*s = s - 3*c - 30285. Let b = s + 10714. What is the tens digit of 2/5 - b/95?
4
Let n(a) = 1572*a + 5200. What is the thousands digit of n(8)?
7
Suppose 137 + 123 = 4*o. What is the hundreds digit of 870/9*156/o?
2
What is the units digit of (-90)/20*(-3032)/(-60)*(-35 - 0)?
9
Suppose 5*l = 1174 - 4489. Let q = -348 - l. What is the units digit of q?
5
Let p = 4709 - 4156. What is the units digit of p?
3
Let n = -42 + 40. Let y be (-32)/(-40)*(-5)/n. Suppose -3*c - 21 = -t + 2*c, -4*t + y*c = -84. What is the units digit of t?
1
Let h = -2 - -4. Let m(c) = c**3 - 13*c**2 - 23*c - 33. Let w be m(15). Suppose -5*l = -h*s + s + w, -5*s = 2*l - 252. What is the tens digit of s?
5
What is the ten thousands digit of 1355820/21 + 94/658?
6
Suppose 111552 + 449043 = 95*v. What is the units digit of v?
1
Suppose -11*k + 49244 - 5552 = 0. What is the hundreds digit of k?
9
Suppose 142282 + 138419 = 30*n - 45939. What is the hundreds digit of n?
8
Suppose i = 4*t + 1742, 2*i + 4*t + 1205 = 4641. What is the hundreds digit of i?
7
Suppose -6*h = 309 - 477. Suppose -2905 = -h*m + 1295. What is the tens digit of m?
5
Suppose 25 = -27*b + 32*b. Let k be (4/2 - b) + 2. What is the hundreds digit of (k - (165/(-6))/(-5))*-26?
1
Let j = -62 + 149. Suppose -85*g + j*g - 514 = 0. What is the units digit of g?
7
What is the tens digit of 771724/12 + ((-34)/(-272) - 37/(-24))?
1
Let c(u) = 20 - 1 + 4*u**2 + 23 - 3. Let i(l) = -3*l**2 - 26. Let m(t) = -5*c(t) - 7*i(t). What is the units digit of m(7)?
6
Let p(i) = 20*i**3 + 6*i**2 - 10*i + 12. Let d(u) = u**2 - 14*u + 17. Let w be d(13). What is the units digit of p(w)?
8
Suppose -6*v - 5*v = v - 95820. What is the thousands digit of v?
7
Let i be (-32)/10*(-265)/106. Suppose -1484 = -j + 9*k - i*k, -4*j - 3*k = -5964. What is the hundreds digit of j?
4
Let y(p) = -80*p + 6. Suppose -3*s = 6*s + 63. What is the tens digit of y(s)?
6
Let v(b) = -b**3 - 6*b**2 + 18*b + 3. Let m be v(-8). Let y = -6 - m. What is the tens digit of (18/(-4))/(y/(-140))?
9
Let f = -32117 + 45489. What is the ten thousands digit of f?
1
Let b(o) = -76*o**2 - 38*o - 241. Let f be b(-6). Let m = -1503 - f. What is the tens digit of m?
4
Suppose -590*c + 28656 = -581*c. What is the units digit of c?
4
Let y(i) = 243*i - 1401. What is the hundreds digit of y(8)?
5
Let d(q) be the third derivative of -q**6/120 - q**5/30 - q**4/12 - 2*q**3/3 + 17*q**2. Let h be d(-2). Suppose h = 6*w + 20 - 188. What is the tens digit of w?
2
Suppose 0 = -187*b + 93*b + 470. Suppose -2*f + 4 = 4*q - 22, 3*f - q - 74 = 0. Suppose f*n = b*n + 1548. What is the tens digit of n?
8
Suppose 0 = -64*k + 410033 + 2015759. What is the thousands digit of k?
7
Suppose 7*w - 15239 = 6*w - 3*a, -12*a + 72 = 0. What is the units digit of w?
1
Let s be (-6)/(((-18)/8)/3). Let j(q) = q**2 - 6*q + 8. Let v be j(s). Suppose v = -0*x + 3*x. What is the units digit of x?
8
Suppose 0 = -11*d + 8 + 36. Let b be -4 + (2 - (-4 + 2)). Suppose 24 = p + d*x - 39, b = -5*x + 25. What is the tens digit of p?
4
Suppose -2*a + 12 = -3*w, -2*a = 2*w + 2*w + 2. Let t = 358 - 102. Suppose -t = -a*d + 230. What is the tens digit of d?
6
Let s(g) = 2*g**3 + 5*g**2 - 11*g + 32. Let u be s(4). Let l = u - -57. What is the hundreds digit of l?
2
Let m(x) = 4 + 0*x**2 + x + 47*x**2 + 32*x**2. What is the tens digit of m(-2)?
1
Suppose 44*q - 25721 = 15859. What is the tens digit of q?
4
Suppose -12811 + 95199 = 5*j - 2*v, 5*j - 3*v = 82382. What is the ten thousands digit of j?
1
Let k be 6/9*(-4)/(16/6). Let p = 34 - 37. What is the hundreds digit of -1 + 252 + p/k?
2
Let n = -550 + 3772. Suppose -2*t = -k + 1074, -3*k + 5*t = 9*t - n. What is the thousands digit of k?
1
Let y = -49 + 52. Suppose 0 = 2*c - c - y. Suppose c*j = 150 + 141. What is the units digit of j?
7
What is the thousands digit of (-2229)/((0 - 10) + (-3488)/(-352))?
4
Suppose 14 = 3*k + 8. Let z be (-7)/(k + 1 + -4). Suppose -10*m + 381 = -z*m. What is the tens digit of m?
2
Let m(w) = -311*w + 2689. What is the units digit of m(-41)?
0
Suppose 3*s = -4*d + 35, -5*s = -3*s - 10. What is the tens digit of (-4)/d - 2676/(-20)?
3
Let z = 330 + -330. Suppose -k - 4*w + 269 = z, -5*k = -6*k + 5*w + 278. What is the tens digit of k?
7
Suppose 0 = -l - 6*l - 294. Let t be ((-6)/7)/((-4)/l*-3). Suppose -g + 142 + 73 = 5*s, t*s - g = 137. What is the units digit of s?
4
Let u(o) = 4*o**2 + 129*o + 458. What is the units digit of u(-41)?
3
Let n(t) be the third derivative of t**5/15 + 7*t**4/6 - 89*t**3/6 + 140*t**2. What is the units digit of n(-20)?
1
Suppose 0 = 5*j - q - 107, -2*j - 6*q + 50 = -4*q. Suppose -25*p + j*p + 1473 = 0. What is the tens digit of p?
9
Let c(k) = -1382*k + 1744. What is the ten thousands digit of c(-8)?
1
Suppose 1370 = -0*o - 5*o. Let j = o - -880. What is the hundreds digit of j?
6
Let m = -9803 + 21822. What is the hundreds digit of m?
0
Let v(i) = -i**3 + 16*i**2 + 34*i - 30. Let f be (-48)/(-3) - (3 + 0/(-4)). What is the hundreds digit of v(f)?
9
Let o be 7/(((-36)/(-546))/(-6)). Let n = -261 - o. What is the hundreds digit of n?
3
Let q be 282*((-4)/8)/1. Let n = 51 + q. What is the units digit of (-6 - n) + (3 - -1)?
8
What is the units digit of 3528036/378 + 1*6/(-14)?
3
Suppose 186*l = 202*l + 896. Let r = l + 468. What is the tens digit of r?
1
Suppose 242*a - 130*a - 136*a + 238944 = 0. What is the units digit of a?
6
Let x(k) = 64*k**2 + 17*k - 44. What is the hundreds digit of x(10)?
5
Let t(o) = 142*o - 10. Suppose -16 = -m + 2*a, -5*m + 4*m + 4*a = -26. What is the hundreds digit of t(m)?
8
Suppose l - 11632 - 639 = -5*p, -3*p - 36687 = -3*l. What is the ten thousands digit of l?
1
Suppose -4*l - 1353 = -3*u, -4*u - 4*l + l + 1779 = 0. What is the hundreds digit of u + 1 + (-16)/4?
4
What is the ten thousands digit of (9/(-2) - (-20493)/297)*(-1376)/(-6)?
1
Suppose 46*s - 1092844 = -48*s. What is the thousands digit of s?
1
What is the tens digit of ((-2)/((-28)/(-22533)))/((-6)/16)?
9
Suppose 2*c - 8 + 3 = -3*n, 3*c - 3*n - 30 = 0. Let l be c - (2 + 5 + -4). Suppose -4*h + 4*q + 52 = 0, 3*h + l*q - 45 = q. What is the units digit of h?
4
Let p(q) = q**2 + 9*q - 62. Let o be (-248)/18 - (48/(-27) - -2). Let d be p(o). What is the units digit of 2/(-2 - d) + (-1862)/(-10)?
6
Let v(w) = -w**3 + 6*w - 8. Let i be v(2). What is the units digit of (-1702)/i - ((-11)/22 - 0)?
6
Suppose -8 = 4*v, 8*s - 10*s = 4*v - 1320. Let l = s - 350. What is the hundreds digit of l?
3
Let l = 253 - 83. Let w be ((4/1 - -1)*-1)/(-1). Suppose 4*z + b - 314 = 0, w*b + l = 2*z + 24. What is the tens digit of z?
7
Let j be 2/6*144/(-48). Let i(v) = 989*v**2 - 2*v - 1. What is the hundreds digit of i(j)?
9
Let p(y) = -1025*y**3 - 17*y**2 - 9*y - 1. What is the hundreds digit of p(-2)?
1
Let q(c) = -4*c + 67. Let o be q(-48). Let k = o - -338. What is the hundreds digit of k?
5
Suppose 6*v - 2*v - 435 = 3*a, -4*a + 3*v - 573 = 0. Let k = a + 451. What is the hundreds digit of k?
3
Let j(o) = 2*o**2 + 65*o + 9216. What is the thousands digit of j(0)?
9
Suppose -8*b = -48 + 16. What is the tens digit of (b/(-6))/((-8)/1668)?
3
Let j = 204 - 1488. Let c = j - -2320. What is the thousands digit of c?
1
Let r(x) = 2*x**3 - x**2 - 3*x + 4. Let p be r(1). Let a be -1 + (p - 5) + -1. What is the units digit of 0 - (a/(-3))/((-1)/21)?
5
Suppose 